1 a multiple of 3?
False
Is 326 a multiple of 19?
False
Is 31 a factor of 22940?
True
Is 6383 a multiple of 26?
False
Is 846 a multiple of 7?
False
Is 6 a factor of 1243?
False
Does 6 divide 6390?
True
Is 108 a factor of 7884?
True
Does 4 divide 4?
True
Is 212 a factor of 13568?
True
Does 8 divide 1960?
True
Is 2240 a multiple of 80?
True
Does 14 divide 191?
False
Is 570 a multiple of 86?
False
Is 48 a factor of 74502?
False
Does 14 divide 1175?
False
Is 17805 a multiple of 199?
False
Is 9 a factor of 21693?
False
Is 2774 a multiple of 38?
True
Does 56 divide 9800?
True
Is 11 a factor of 1177?
True
Does 39 divide 4095?
True
Is 126 a multiple of 14?
True
Does 8 divide 1048?
True
Is 138 a factor of 22007?
False
Does 20 divide 64846?
False
Is 632 a multiple of 4?
True
Is 49 a factor of 9963?
False
Is 16 a factor of 10000?
True
Is 4245 a multiple of 53?
False
Does 6 divide 3156?
True
Does 100 divide 10300?
True
Is 31376 a multiple of 106?
True
Is 468 a multiple of 39?
True
Is 155 a multiple of 19?
False
Does 18 divide 5436?
True
Does 5 divide 530?
True
Is 522 a multiple of 58?
True
Is 79 a factor of 3367?
False
Is 7 a factor of 350?
True
Is 15 a factor of 4706?
False
Is 8 a factor of 628?
False
Is 6307 a multiple of 53?
True
Is 10482 a multiple of 10?
False
Is 63 a factor of 15250?
False
Does 18 divide 8388?
True
Is 2106 a multiple of 9?
True
Is 349 a multiple of 75?
False
Is 99 a factor of 693?
True
Is 32 a factor of 2976?
True
Does 66 divide 220?
False
Is 95 a multiple of 18?
False
Is 315 a multiple of 22?
False
Does 16 divide 2608?
True
Is 1152 a multiple of 23?
False
Does 75 divide 634?
False
Is 2525 a multiple of 25?
True
Does 12 divide 804?
True
Is 7278 a multiple of 74?
False
Is 16 a factor of 1326?
False
Is 8 a factor of 8995?
False
Is 1281 a multiple of 21?
True
Is 21681 a multiple of 11?
True
Is 13 a factor of 3541?
False
Is 60 a factor of 34860?
True
Does 39 divide 4134?
True
Is 3760 a multiple of 23?
False
Does 43 divide 63081?
True
Is 760 a multiple of 33?
False
Does 21 divide 21126?
True
Does 72 divide 25272?
True
Is 8 a factor of 696?
True
Is 13 a factor of 10465?
True
Does 109 divide 2508?
False
Is 89 a multiple of 4?
False
Is 224 a multiple of 16?
True
Does 36 divide 8620?
False
Does 16 divide 15918?
False
Is 16 a factor of 8354?
False
Is 2106 a multiple of 19?
False
Is 29946 a multiple of 138?
True
Is 39 a factor of 1248?
True
Is 2520 a multiple of 44?
False
Is 210 a multiple of 10?
True
Does 10 divide 20?
True
Does 30 divide 870?
True
Does 21 divide 2479?
False
Is 12 a factor of 211?
False
Is 961 a multiple of 17?
False
Does 249 divide 25896?
True
Is 1220 a multiple of 20?
True
Does 15 divide 240?
True
Is 44 a factor of 50621?
False
Does 20 divide 73?
False
Does 9 divide 63?
True
Is 544 a multiple of 3?
False
Does 173 divide 19474?
False
Is 1056 a multiple of 88?
True
Is 53 a factor of 17884?
False
Does 51 divide 1275?
True
Is 26 a factor of 82618?
False
Does 66 divide 66?
True
Does 15 divide 1980?
True
Does 36 divide 16582?
False
Is 1371 a multiple of 77?
False
Does 113 divide 1808?
True
Does 3 divide 39?
True
Is 28 a factor of 4900?
True
Does 18 divide 9711?
False
Is 97640 a multiple of 40?
True
Is 216 a multiple of 4?
True
Is 35364 a multiple of 12?
True
Is 45 even?
False
Does 42 divide 4410?
True
Is 13 a factor of 10200?
False
Does 90 divide 990?
True
Does 83 divide 20750?
True
Is 104 a factor of 956?
False
Is 14364 a multiple of 19?
True
Does 14 divide 15025?
False
Does 23 divide 1107?
False
Is 60 a factor of 2509?
False
Does 5 divide 5739?
False
Is 336 a multiple of 12?
True
Does 3 divide 75?
True
Is 2871 a multiple of 33?
True
Is 1545 a multiple of 8?
False
Is 139 a factor of 24186?
True
Does 24 divide 3548?
False
Does 95 divide 29473?
False
Does 13 divide 2353?
True
Is 192 a multiple of 32?
True
Is 10498 a multiple of 29?
True
Is 51708 a multiple of 408?
False
Does 4 divide 395?
False
Is 584 a multiple of 10?
False
Is 6 a factor of 823?
False
Does 16 divide 2512?
True
Does 37 divide 9213?
True
Is 79 a factor of 23735?
False
Does 50 divide 3781?
False
Is 107 a factor of 6313?
True
Is 657 a multiple of 24?
False
Is 6500 a multiple of 10?
True
Does 4 divide 968?
True
Does 63 divide 571?
False
Is 232 a multiple of 8?
True
Is 684 a multiple of 18?
True
Does 50 divide 400?
True
Does 2 divide 70?
True
Does 15 divide 881?
False
Is 840 a multiple of 24?
True
Does 43 divide 716?
False
Is 22 a factor of 1452?
True
Is 84 a factor of 252?
True
Does 26 divide 14142?
False
Does 118 divide 36170?
False
Is 73 a factor of 130?
False
Is 112 a factor of 776?
False
Is 63864 a multiple of 274?
False
Is 10 a factor of 1240?
True
Is 360 a multiple of 4?
True
Is 7106 a multiple of 38?
True
Does 9 divide 421?
False
Does 124 divide 8432?
True
Does 14 divide 322?
True
Is 4 a factor of 404?
True
Does 20 divide 940?
True
Is 12 a factor of 27821?
False
Is 4 a factor of 18528?
True
Does 47 divide 393?
False
Does 162 divide 44874?
True
Is 69 a factor of 52233?
True
Does 3 divide 8354?
False
Is 28 a factor of 29649?
False
Does 64 divide 384?
True
Does 12 divide 1197?
False
Does 47 divide 3807?
True
Is 27629 a multiple of 7?
True
Is 516 a multiple of 12?
True
Does 247 divide 14322?
False
Is 18 a factor of 441?
False
Is 79650 a multiple of 90?
True
Is 270 a multiple of 4?
False
Does 7 divide 14686?
True
Is 22 a factor of 198?
True
Is 89313 a multiple of 21?
True
Does 125 divide 2750?
True
Is 47579 a multiple of 36?
False
Is 158 a multiple of 14?
False
Is 38 a factor of 5472?
True
Is 2537 a multiple of 43?
True
Is 111 a factor of 10030?
False
Is 4 a factor of 2201?
False
Is 45 a factor of 17940?
False
Is 42 a factor of 852?
False
Does 3 divide 246?
True
Does 21 divide 16961?
False
Is 17 a factor of 20605?
False
Does 164 divide 12792?
True
Is 23 a multiple of 4?
False
Is 109 a factor of 218?
True
Is 30738 a multiple of 327?
True
Is 5689 a multiple of 36?
False
Does 16 divide 1520?
True
Is 12826 a multiple of 22?
True
Is 371 a multiple of 42?
False
Is 7 a factor of 6233?
False
Does 19 divide 37810?
True
Does 105 divide 1034?
False
Is 67 a factor of 7102?
True
Is 28044 a multiple of 12?
True
Is 18560 a multiple of 10?
True
Is 46163 a multiple of 67?
True
Is 56034 a multiple of 99?
True
Is 2976 a multiple of 96?
True
Does 225 divide 11025?
True
Is 48 a factor of 1680?
True
Does 12 divide 294?
False
Does 34 divide 8903?
False
Is 799 a multiple of 17?
True
Is 819 a multiple of 21?
True
Is 26 a factor of 4848?
False
Is 44 a factor of 881?
False
Is 6 a factor of 1504?
False
Is 449 a multiple of 6?
False
Is 127 a factor of 10269?
False
Is 13452 a multiple of 118?
True
Is 26 a factor of 6448?
True
Is 18818 a multiple of 194?
True
Is 32 a factor of 141?
False
Does 31 divide 2046?
True
Is 660 a multiple of 15?
True
Does 37 divide 3913?
False
Is 76 a multiple of 38?
True
Is 3 a factor of 1455?
True
Does 6 divide 3169?
False
Does 164 divide 17384?
True
Is 2250 a multiple of 3?
True
Is 3172 a multiple of 52?
True
Is 93 a factor of 558?
True
Is 8 a factor of 48?
True
Does 33 divide 2244?
True
Does 9 divide 665?
False
Is 70 a factor of 9940?
True
Does 56 divide 34216?
True
Does 12 divide 780?
True
Is 4 a factor of 392?
True
Is 696 a multiple of 8?
True
Is 4 a factor of 64?
True
Does 8 divide 21069?
False
Does 11 divide 715?
True
Is 10 a factor of 773?
False
Is 22686 a multiple of 172?
False
Does 36 divide 36?
True
Is 53 a multiple of 18?
False
Does 34 divide 936?
False
Does 20 divide 3260?
True
Is 540 a multiple of 8?
False
Does 10 divide 8430?
True
Is 10 a factor of 540?
True
Does 8 divide 2592?
True
Does 53 divide 20193?
True
Is 14 a factor of 433?
False
Is 6834 a multiple of 91?
False
Does 27 divide 61?
False
Does 177 divide 12750?
False
Is 2 a factor of 658?
True
Does 3 divide 97?
False
Is 1341 a multiple of 9?
True
Does 32 divide 7474?
False
Does 5 divide 9700?
True
Is 9739 a multiple of 2?
False
Does 3 divide 690?
True
Does 143 divide 33576?
False
Is 23 a factor of 713?
True
Is 11 a factor of 121?
True
Is 576 a multiple of 32?
True
Is 1782 a multiple of 22?
True
Does 13 divide 338?
True
Is 1640 a multiple of 29?
False
Is 12217 a multiple of 29?
False
Is 1114 a multiple of 23?
False
Is 70 a factor of 1260?
True
Is 19729 a multiple of 181?
True
Is 2160 a multiple o